169651095?
5, 233930219
What are the prime factors of 2623890440?
2, 5, 65597261
List the prime factors of 657808838.
2, 41, 1873, 4283
What are the prime factors of 202254361?
8941, 22621
What are the prime factors of 73548473?
73548473
What are the prime factors of 55686290?
2, 5, 11, 43, 61, 193
What are the prime factors of 11455188?
2, 3, 954599
List the prime factors of 5103205.
5, 59, 17299
List the prime factors of 14830001.
17, 872353
What are the prime factors of 16315229?
7, 109, 21383
List the prime factors of 40756615.
5, 19, 429017
What are the prime factors of 8767728986?
2, 113, 5039, 7699
What are the prime factors of 52032539?
13, 31, 129113
What are the prime factors of 210553928?
2, 13, 919, 2203
What are the prime factors of 103290527?
103290527
What are the prime factors of 3632650283?
421, 8628623
What are the prime factors of 1928092775?
5, 7, 11017673
What are the prime factors of 69578732?
2, 179, 97177
List the prime factors of 53887608.
2, 3, 199, 3761
What are the prime factors of 2144635474?
2, 47, 311, 73361
What are the prime factors of 107492776?
2, 43, 89, 3511
List the prime factors of 177461296.
2, 929, 11939
What are the prime factors of 482269801?
13, 37097677
What are the prime factors of 1167183857?
7, 7649, 21799
List the prime factors of 385014791.
7, 5783, 9511
What are the prime factors of 509260075?
5, 17, 1198259
List the prime factors of 147298498.
2, 73649249
What are the prime factors of 68141304?
2, 3, 7, 11, 17, 241
What are the prime factors of 167494128?
2, 3, 197, 17713
What are the prime factors of 44143978?
2, 3359, 6571
What are the prime factors of 19593996?
2, 3, 17, 139, 691
What are the prime factors of 646486004?
2, 83, 1947247
What are the prime factors of 50176528?
2, 43, 72931
What are the prime factors of 144377312?
2, 29, 155579
What are the prime factors of 191415100?
2, 5, 239, 8009
List the prime factors of 232954374.
2, 3, 41, 946969
List the prime factors of 26882422.
2, 7, 1920173
What are the prime factors of 761579722?
2, 380789861
What are the prime factors of 4428768173?
4428768173
List the prime factors of 813050.
2, 5, 7, 23, 101
List the prime factors of 251184208.
2, 11, 887, 1609
List the prime factors of 33384473.
233, 143281
List the prime factors of 287267926.
2, 11, 37, 352909
What are the prime factors of 1096343837?
22073, 49669
What are the prime factors of 4146260195?
5, 7, 11, 1538501
What are the prime factors of 1794948572?
2, 79, 1879, 3023
What are the prime factors of 119211293?
17, 7012429
What are the prime factors of 84583289?
7, 12083327
What are the prime factors of 138239419?
59, 967, 2423
What are the prime factors of 1578594181?
83, 191, 99577
List the prime factors of 128070550.
2, 5, 2561411
What are the prime factors of 245501272?
2, 30687659
List the prime factors of 22596703.
349, 64747
What are the prime factors of 583857525?
3, 5, 659, 11813
What are the prime factors of 12779944?
2, 43, 97, 383
List the prime factors of 159939866.
2, 967, 82699
What are the prime factors of 32759263?
32759263
List the prime factors of 3671490503.
3671490503
What are the prime factors of 1242149330?
2, 5, 3769, 32957
What are the prime factors of 100507943?
100507943
List the prime factors of 241751737.
1447, 167071
What are the prime factors of 10411894?
2, 593, 8779
What are the prime factors of 4970370044?
2, 127, 2621, 3733
List the prime factors of 51142651.
7, 7306093
List the prime factors of 1230874563.
3, 410291521
List the prime factors of 2526195219.
3, 4397, 191509
List the prime factors of 328626701.
13, 25278977
What are the prime factors of 4659277123?
4659277123
List the prime factors of 538733867.
7, 1627, 47303
List the prime factors of 104342007.
3, 7, 11, 23, 41, 479
List the prime factors of 505266499.
12757, 39607
What are the prime factors of 272801604?
2, 3, 59, 509, 757
What are the prime factors of 186422218?
2, 251, 371359
List the prime factors of 3036196633.
3036196633
List the prime factors of 228386308.
2, 19, 3005083
What are the prime factors of 66600162?
2, 3, 3700009
What are the prime factors of 19698135?
3, 5, 241, 5449
List the prime factors of 17148998.
2, 53, 161783
What are the prime factors of 3088664786?
2, 6287, 245639
What are the prime factors of 75661183?
13, 521, 11171
What are the prime factors of 1534557110?
2, 5, 197, 778963
List the prime factors of 138650992.
2, 23, 376769
What are the prime factors of 23303661?
3, 31, 83, 3019
What are the prime factors of 871407696?
2, 3, 18154327
What are the prime factors of 1974044434?
2, 987022217
List the prime factors of 74315833.
2423, 30671
List the prime factors of 128580731.
128580731
What are the prime factors of 89608910?
2, 5, 31, 79, 3659
List the prime factors of 221031420.
2, 3, 5, 317, 11621
What are the prime factors of 338939167?
7, 1259, 38459
What are the prime factors of 150110733?
3, 50036911
List the prime factors of 2365038380.
2, 5, 118251919
What are the prime factors of 42973776?
2, 3, 167, 1787
What are the prime factors of 451660510?
2, 5, 7, 41, 241, 653
List the prime factors of 110504973.
3, 263, 140057
What are the prime factors of 1348792742?
2, 11, 61308761
List the prime factors of 5276923570.
2, 5, 1153, 457669
What are the prime factors of 5036752?
2, 7, 44971
List the prime factors of 51750197.
67, 772391
List the prime factors of 38020172.
2, 79, 1523
What are the prime factors of 75459165?
3, 5, 19, 264769
List the prime factors of 1920769567.
37, 2579, 20129
List the prime factors of 130356267.
3, 43452089
What are the prime factors of 117745376?
2, 7, 525649
What are the prime factors of 360789071?
59, 6115069
List the prime factors of 8440642.
2, 7, 43, 2003
List the prime factors of 31690128.
2, 3, 397, 1663
What are the prime factors of 114676254?
2, 3, 7, 11, 17, 31, 157
What are the prime factors of 64824547?
64824547
List the prime factors of 143680884.
2, 3, 107, 317, 353
What are the prime factors of 361781755?
5, 19, 3808229
List the prime factors of 1039764938.
2, 163, 3189463
List the prime factors of 66391121.
29, 2289349
What are the prime factors of 1009651840?
2, 5, 83, 229
What are the prime factors of 180763520?
2, 5, 7, 157, 257
What are the prime factors of 118531258?
2, 5333, 11113
List the prime factors of 155971327.
61, 2556907
List the prime factors of 282331174.
2, 141165587
What are the prime factors of 722098496?
2, 7, 19, 12119
List the prime factors of 34728742.
2, 31, 113, 4957
List the prime factors of 293282894.
2, 146641447
List the prime factors of 168665394.
2, 3, 19, 23, 64327
What are the prime factors of 33865204?
2, 587, 14423
List the prime factors of 1135663586.
2, 2647, 214519
What are the prime factors of 2581590651?
3, 14281, 60257
What are the prime factors of 500488562?
2, 7, 35749183
List the prime factors of 21680852.
2, 5420213
What are the prime factors of 64679964?
2, 3, 5389997
What are the prime factors of 832117446?
2, 3, 421, 109807
What are the prime factors of 6094254?
2, 3, 1015709
What are the prime factors of 277617756?
2, 3, 13, 1779601
What are the prime factors of 1226286723?
3, 408762241
What are the prime factors of 46605796?
2, 11651449
What are the prime factors of 614104638?
2, 3, 7, 29, 347, 1453
List the prime factors of 1576579075.
5, 53, 1189871
What are the prime factors of 1590769?
107, 14867
List the prime factors of 120465419.
191, 630709
What are the prime factors of 690318068?
2, 11, 1426277
List the prime factors of 3077282658.
2, 3, 211, 541, 4493
List the prime factors of 458959927.
6101, 75227
What are the prime factors of 426361796?
2, 7, 3511, 4337
What are the prime factors of 84108152?
2, 103, 991
List the prime factors of 362029594.
2, 31, 5839187
List the prime factors of 601046702.
2, 300523351
List the prime factors of 592640934.
2, 3, 2371, 41659
What are the prime factors of 4302538096?
2, 4643, 57917
What are the prime factors of 2701689192?
2, 3, 19, 1974919
List the prime factors of 34533952.
2, 53, 10181
List the prime factors of 136489387.
136489387
What are the prime factors of 268542770?
2, 5, 19, 31, 127, 359
What are the prime factors of 325883833?
11, 919, 32237
List the prime factors of 12133729.
12133729
List the p